18*d**2 - 36*d - 420. Give y(-17).
-97
Let j(i) = -194*i**2 - 913*i - 8. Give j(-5).
-293
Let p(w) = w**3 - 123*w**2 + 368*w - 964. Determine p(120).
-4
Let h(l) = 11*l**2 + 27*l + 94. Calculate h(-3).
112
Let s(j) = j**3 + 1128*j + 5759. What is s(-5)?
-6
Let z(q) = -29*q + 18. Calculate z(8).
-214
Let c(f) = 107*f + 970. What is c(-10)?
-100
Let l(j) = -17*j**2 - 23*j + 5. What is l(-3)?
-79
Let f(d) = d**2 - 22*d - 41. What is f(-2)?
7
Let l(b) = b**2 + 85*b + 1434. Determine l(-62).
8
Let p(t) = t + 62. Calculate p(12).
74
Let i(n) = 110*n - 7031. Calculate i(64).
9
Let a(x) = 59*x**2 + 420*x + 21. Calculate a(-7).
-28
Let h(f) = 77*f - 927. Determine h(12).
-3
Let z(o) = -2*o**2 - 2*o + 606. Determine z(-18).
-6
Let g(b) = 3*b**2 - 34. Calculate g(4).
14
Let h(o) = 7*o**3 + 36*o**2 + 7*o - 21. Determine h(-5).
-31
Let v(z) = 3*z**2 - 215*z - 1956. Give v(80).
44
Let f(o) = -18*o - 383. Calculate f(-19).
-41
Let s(t) = 5*t**3 + 423*t**2 + 253*t + 71. Calculate s(-84).
-13
Let b(k) = -177*k + 4244. Determine b(24).
-4
Let p(v) = 2*v**2 + 180*v + 1218. Determine p(-7).
56
Let f(p) = -p**3 + 64*p**2 - 346*p - 126. What is f(58)?
-10
Let j(t) = -t**3 - 26*t**2 + 69*t + 1784. What is j(-26)?
-10
Let m(j) = 3*j**2 + 60*j + 275. What is m(-12)?
-13
Let k(v) = 293*v + 7326. Give k(-25).
1
Let p(f) = f**2 + 297*f + 15272. Give p(-66).
26
Let o(c) = 34*c**2 + 222*c - 1. What is o(-6)?
-109
Let l(a) = 808*a + 2448. Calculate l(-3).
24
Let b(r) = 2*r**3 - 75*r**2 - 24*r - 555. Give b(38).
-23
Let p(r) = -6*r**3 - 330*r**2 - 8*r - 442. Calculate p(-55).
-2
Let b(r) = r**2 + 548*r + 67843. Determine b(-189).
-8
Let b(r) = 409*r + 3678. Calculate b(-9).
-3
Let j(k) = -2*k**2 + 8*k + 311. What is j(-21)?
-739
Let q(x) = x**3 - 11*x**2 + 30*x - 341. Give q(11).
-11
Let k(b) = 854*b**2 - 9392*b + 8. What is k(11)?
30
Let p(f) = f**2 + 44*f + 17. Determine p(-42).
-67
Let a(g) = -6995*g - 27977. Determine a(-4).
3
Let i(d) = -27*d**2 + 122*d + 88. Determine i(5).
23
Let b(i) = 2*i**3 - 14*i**2 + 44*i - 188. Give b(6).
4
Let m(l) = 3*l**3 - 28*l**2 - 62*l + 49. Determine m(11).
-28
Let s(y) = -49*y**2 + 759*y - 360. What is s(15)?
0
Let a(x) = -41*x**2 + 38*x + 39. Give a(-1).
-40
Let o(h) = -3*h**2 - 20*h + 183. Give o(-14).
-125
Let g(l) = -44*l - 39. Determine g(1).
-83
Let w(t) = 61*t - 125. Give w(-8).
-613
Let t(a) = 4*a**3 - 15*a**2 - 37*a + 138. Determine t(4).
6
Let v(y) = -3264*y - 137094. Determine v(-42).
-6
Let b(u) = -u + 49. Give b(80).
-31
Let l(z) = -24*z + 190. What is l(10)?
-50
Let c(j) = -118*j + 109. Calculate c(1).
-9
Let z(c) = c**2 + 41*c - 15. Calculate z(-31).
-325
Let l(b) = -7*b**2 + 964*b - 7272. Calculate l(8).
-8
Let l(m) = 443*m - 2663. Determine l(6).
-5
Let a(k) = -29*k**2 - 178*k + 748. Determine a(-9).
1
Let m(u) = -25*u - 1538. Calculate m(-65).
87
Let n(b) = 138*b + 14261. Calculate n(-103).
47
Let y(m) = -1103*m + 3310. What is y(3)?
1
Let v(r) = r**3 + 29*r**2 - 31*r - 75. Calculate v(-30).
-45
Let o(i) = -38*i**2 - 169*i - 78. Determine o(-4).
-10
Let n(g) = -708*g - 4254. What is n(-6)?
-6
Let u(x) = -22*x - 240. Give u(-7).
-86
Let b(l) = -l**2 + 114*l - 2967. What is b(40)?
-7
Let h(s) = -7*s**3 + 26*s**2 - 18*s + 98. Give h(4).
-6
Let m(h) = -145*h + 4051. What is m(28)?
-9
Let o(z) = 19*z**2 - 37*z - 8. What is o(4)?
148
Let y(u) = -510*u + 38243. What is y(75)?
-7
Let p(a) = a**2 - 21*a + 93. What is p(15)?
3
Let m(t) = 14*t + 166. What is m(-29)?
-240
Let w(z) = -z**2 + 404*z + 3299. What is w(-8)?
3
Let r(h) = 10*h**3 - 51*h**2 - 27*h + 165. Calculate r(5).
5
Let g(z) = 2*z**3 + 75*z**2 - 5*z + 1178. What is g(-38)?
-76
Let v(w) = 2095*w + 6294. What is v(-3)?
9
Let u(v) = -10*v**2 + 2*v + 1. Calculate u(-1).
-11
Let h(n) = 3*n**3 - 14*n**2 + 234*n - 1194. Calculate h(5).
1
Let w(g) = -278*g**2 - 13*g - 17. Give w(0).
-17
Let d(m) = -22*m - 2756. Calculate d(-129).
82
Let w(x) = 5907*x + 23653. Give w(-4).
25
Let m(q) = -17*q**2 + 261*q - 105. What is m(15)?
-15
Let w(d) = -d**3 - 8*d**2 + 5*d - 71. Give w(-11).
237
Let u(j) = -4*j**2. Determine u(-1).
-4
Let u(z) = z**3 - z**2 - 28*z + 61. What is u(2)?
9
Let l(s) = 6*s**2 + 129*s + 673. Calculate l(-9).
-2
Let a(x) = -x**3 + 8*x**2 + 128*x + 36. What is a(-8)?
36
Let d(h) = -67*h - 208. What is d(-3)?
-7
Let c(r) = -r**3 + 8*r**2 - 14*r + 52. Calculate c(7).
3
Let b(r) = r**2 - 81*r + 1097. Calculate b(60).
-163
Let s(f) = -f**3 - 11*f**2 - 11*f - 44. What is s(-8)?
-148
Let w(l) = 3*l**2 - 111*l - 653. Calculate w(42).
-23
Let r(m) = -m**3 + 6*m**2 - 15*m + 35. Give r(8).
-213
Let z(f) = -3346*f - 20067. Calculate z(-6).
9
Let p(w) = 135*w**2 - 539*w - 13. Determine p(4).
-9
Let i(m) = -18*m**2 + 474*m - 25. What is i(26)?
131
Let o(d) = -2*d**3 + 167*d**2 - 15*d - 5635. Give o(83).
9
Let y(h) = -9*h**3 - 9*h**2 - 29*h + 30. What is y(1)?
-17
Let g(d) = -4*d**3 - 134*d**2 - 65*d - 70. What is g(-33)?
-103
Let h(q) = -35*q + 384. What is h(7)?
139
Let f(l) = l**2 + 26*l + 131. Determine f(-4).
43
Let y(g) = 2*g**3 - g**2 - 4*g - 1. What is y(0)?
-1
Let g(b) = -2*b**2 + 74*b - 53. What is g(33)?
211
Let w(d) = -2*d**2 + 13072*d - 26142. Give w(2).
-6
Let x(m) = 8*m**2 + 56*m + 100. Give x(-4).
4
Let l(o) = o**3 - 59*o**2 + 20*o + 2190. Give l(58).
-14
Let z(f) = f**3 + 30*f**2 + 49*f - 140. Determine z(-28).
56
Let s(r) = -3*r - 319. Calculate s(-69).
-112
Let m(y) = 2*y**3 + 143*y**2 - 219*y - 6. Calculate m(-73).
-6
Let t(q) = -4*q**3 + 20*q**2 + 12*q - 23. Give t(5).
37
Let i(y) = -y**2 - 7*y - 16. Determine i(-3).
-4
Let b(x) = -7*x**3 - 675*x**2 - 284*x + 388. What is b(-96)?
4
Let m(a) = 2*a**2 + 135*a - 730. Determine m(5).
-5
Let k(r) = -475*r + 3323. What is k(7)?
-2
Let z(c) = -2*c**3 + 18*c**2 - 114*c + 162. Determine z(2).
-10
Let c(d) = 132*d - 15552. Give c(118).
24
Let t(u) = u**3 - 10*u**2 - 9*u - 26. Determine t(11).
-4
Let f(s) = 674*s - 1357. What is f(2)?
-9
Let i(w) = -2*w**2 + 1136*w + 6863. Determine i(-6).
-25
Let g(r) = -2*r**3 - 49*r**2 - 234*r. Calculate g(-18).
0
Let q(t) = 3*t**3 + 5*t**2 - 3. What is q(-6)?
-471
Let i(z) = 3*z**3 + 30*z**2 + 9*z - 12. Determine i(-10).
-102
Let g(u) = -6*u**2 + 8*u + 5. Calculate g(-2).
-35
Let i(z) = -5*z**3 - 29*z**2 - 3*z + 2. Determine i(-3).
-115
Let q(w) = -44*w + 527. What is q(11)?
43
Let y(s) = -28*s + 352. What is y(12)?
16
Let r(z) = -2036*z + 4070. What is r(2)?
-2
Let m(c) = c**3 - 30*c**2 - 7*c + 209. Calculate m(30).
-1
Let a(u) = 3*u**3 + 5*u**2 + 28*u + 291. What is a(-6)?
-345
Let m(w) = w**2 + 69*w - 6463. What is m(-122)?
3
Let o(h) = -3*h**2 - 15*h - 16. Calculate o(-14).
-394
Let a(v) = -35*v + 19. What is a(-1)?
54
Let u(j) = j**2 - 35*j + 329. What is u(15)?
29
Let d(r) = 7*r - 123. Determine d(23).
38
Let b(x) = x**2 + 16*x + 5. Give b(-6).
-55
Let f(b) = -3*b**3 - 237*b**2 + 239*b - 91. Determine f(-80).
-11
Let y(s) = 114*s + 1935. What is y(-16)?
111
Let d(u) = 5*u**3 - 6*u**2 + 9*u - 1. Calculate d(2).
33
Let s(y) = -193*y**2 + 1533*y + 60. Calculate s(8).
-28
Let n(f) = f**3 + 3*f**2 - 11*f + 36. Calculate n(-6).
-6
Let b(a) = -a**3 + a**2 + 33*a + 48. Calculate b(-2).
-6
Let l(y) = 632*y - 17746. Give l(28).
-50
Let z(x) = 8*x**2 + 282*x + 336. Calculate z(-34).
-4
Let w(h) = 2*h**2 + 29*h + 34. What is w(-13)?
-5
Let p(r) = -64*r + 112. What is p(13)?
-720
Let w(a) = 24*a + 14. What is w(-1)?
-10
Let f(n) = n**3 - 28*n**2 + 68*n + 29. Determine f(25).
-146
Let x(j) = -94*j - 17. Calculate x(1).
-111
Let u(c) = -442*c - 5. What is u(0)?
-5
Let f(h) = 8886*h + 35489. Give f(-4).
-55
Let i(f) = -511*f + 2725. Determine i(6).
-341
Let v(q) = 2431*q + 48. What is v(0)?
48
Let c(x) = -x**3 - 160*x**2 + 322*x - 326. Determine c(-162).
-2
Let w(q) = 186*q + 4082. Calculate w(-22).
-10
Let x(j) = -39*j + 100. Calculate x(11).
-329
Let q(o) = -2*o**2 - 99*o - 91. What is q(-49)?
-42
Let s(t) = -t**2 + 76*t - 307. Determine s(4).
-19
Let u(t) = -2*t**3 + t**2 - 94*t + 303. Determine u(3).
-24
Let c(r) = -r + 179. What is c(-26)?
205
Let s(z) = 2*z**3 - z**2 - 22*z + 39. Calculate s(3).
18
Let p(r) = 14*r**2 - 197*r + 1. Give p(3).
-464
Let r(q) = -664*q - 6614. Give r(-10).
26
Let c(f) = 40*f**2 - 67*f + 10. What is c(2)?
36
Let u(x) = x**2 - 17*x - 434. Give u(-15).
46
